{"id":615,"date":"2024-10-11T15:23:10","date_gmt":"2024-10-11T19:23:10","guid":{"rendered":"https:\/\/prc.mph.cl\/?page_id=615"},"modified":"2024-10-15T17:29:02","modified_gmt":"2024-10-15T21:29:02","slug":"etapa-de-metodologia-antecedentes-estudio-ambiental-analisis-y-diagnostico","status":"publish","type":"page","link":"https:\/\/prc.mph.cl\/?page_id=615","title":{"rendered":"Etapa 3 de Metodolog\u00eda, Antecedentes, Estudio Ambiental, An\u00e1lisis y Diagn\u00f3stico"},"content":{"rendered":"","protected":false},"excerpt":{"rendered":"","protected":false},"author":2,"featured_media":0,"parent":0,"menu_order":0,"comment_status":"closed","ping_status":"closed","template":"wp-custom-template-etapa-detalle","meta":{"footnotes":""},"class_list":["post-615","page","type-page","status-publish","hentry"],"_links":{"self":[{"href":"https:\/\/prc.mph.cl\/index.php?rest_route=\/wp\/v2\/pages\/615","targetHints":{"allow":["GET"]}}],"collection":[{"href":"https:\/\/prc.mph.cl\/index.php?rest_route=\/wp\/v2\/pages"}],"about":[{"href":"https:\/\/prc.mph.cl\/index.php?rest_route=\/wp\/v2\/types\/page"}],"author":[{"embeddable":true,"href":"https:\/\/prc.mph.cl\/index.php?rest_route=\/wp\/v2\/users\/2"}],"replies":[{"embeddable":true,"href":"https:\/\/prc.mph.cl\/index.php?rest_route=%2Fwp%2Fv2%2Fcomments&post=615"}],"version-history":[{"count":2,"href":"https:\/\/prc.mph.cl\/index.php?rest_route=\/wp\/v2\/pages\/615\/revisions"}],"predecessor-version":[{"id":794,"href":"https:\/\/prc.mph.cl\/index.php?rest_route=\/wp\/v2\/pages\/615\/revisions\/794"}],"wp:attachment":[{"href":"https:\/\/prc.mph.cl\/index.php?rest_route=%2Fwp%2Fv2%2Fmedia&parent=615"}],"curies":[{"name":"wp","href":"https:\/\/api.w.org\/{rel}","templated":true}]}}